t is the tens digit of 404?
0
What is the hundreds digit of 91471?
4
What is the units digit of 128553?
3
What is the hundreds digit of 4964?
9
What is the units digit of 11570?
0
What is the hundreds digit of 42466?
4
What is the units digit of 42?
2
What is the tens digit of 45353?
5
What is the thousands digit of 33890?
3
What is the hundreds digit of 5574?
5
What is the tens digit of 93?
9
What is the thousands digit of 140817?
0
What is the hundreds digit of 518?
5
What is the thousands digit of 1256?
1
What is the units digit of 483?
3
What is the units digit of 7812?
2
What is the tens digit of 56049?
4
What is the units digit of 6810?
0
What is the hundreds digit of 5679?
6
What is the thousands digit of 54831?
4
What is the tens digit of 30281?
8
What is the hundreds digit of 249?
2
What is the thousands digit of 113346?
3
What is the units digit of 856?
6
What is the hundreds digit of 7459?
4
What is the tens digit of 4090?
9
What is the thousands digit of 24578?
4
What is the tens digit of 47?
4
What is the units digit of 759?
9
What is the ten thousands digit of 20475?
2
What is the thousands digit of 4768?
4
What is the thousands digit of 4775?
4
What is the ten thousands digit of 13443?
1
What is the hundreds digit of 30923?
9
What is the hundreds digit of 1991?
9
What is the tens digit of 7317?
1
What is the units digit of 3289?
9
What is the units digit of 158?
8
What is the hundred thousands digit of 122300?
1
What is the tens digit of 8693?
9
What is the ten thousands digit of 10574?
1
What is the tens digit of 427?
2
What is the units digit of 1399?
9
What is the ten thousands digit of 19333?
1
What is the tens digit of 7797?
9
What is the ten thousands digit of 50670?
5
What is the thousands digit of 28407?
8
What is the tens digit of 743?
4
What is the units digit of 1718?
8
What is the tens digit of 4192?
9
What is the thousands digit of 1758?
1
What is the tens digit of 692?
9
What is the units digit of 3095?
5
What is the units digit of 1174?
4
What is the tens digit of 1357?
5
What is the hundreds digit of 3506?
5
What is the ten thousands digit of 73627?
7
What is the thousands digit of 17801?
7
What is the units digit of 11200?
0
What is the hundreds digit of 16170?
1
What is the tens digit of 87?
8
What is the thousands digit of 56350?
6
What is the tens digit of 1465?
6
What is the units digit of 314?
4
What is the tens digit of 6694?
9
What is the thousands digit of 2061?
2
What is the units digit of 5899?
9
What is the tens digit of 1180?
8
What is the hundreds digit of 6614?
6
What is the tens digit of 78692?
9
What is the tens digit of 307?
0
What is the tens digit of 247?
4
What is the hundreds digit of 602?
6
What is the tens digit of 27392?
9
What is the hundreds digit of 68350?
3
What is the units digit of 6528?
8
What is the units digit of 2480?
0
What is the hundreds digit of 1331?
3
What is the units digit of 16785?
5
What is the tens digit of 25043?
4
What is the ten thousands digit of 35340?
3
What is the thousands digit of 2616?
2
What is the units digit of 1544?
4
What is the thousands digit of 7110?
7
What is the units digit of 38409?
9
What is the units digit of 217?
7
What is the hundreds digit of 1601?
6
What is the tens digit of 2039?
3
What is the hundreds digit of 144?
1
What is the tens digit of 4104?
0
What is the hundreds digit of 185?
1
What is the hundreds digit of 207?
2
What is the hundreds digit of 6295?
2
What is the tens digit of 8207?
0
What is the hundreds digit of 5524?
5
What is the thousands digit of 1977?
1
What is the tens digit of 395?
9
What is the units digit of 822?
2
What is the tens digit of 16912?
1
What is the tens digit of 1383?
8
What is the thousands digit of 3046?
3
What is the units digit of 35355?
5
What is the units digit of 1436?
6
What is the tens digit of 30071?
7
What is the thousands digit of 1242?
1
What is the units digit of 1572?
2
What is the units digit of 1953?
3
What is the tens digit of 757?
5
What is the hundreds digit of 933?
9
What is the units digit of 60854?
4
What is the tens digit of 625?
2
What is the thousands digit of 1639?
1
What is the units digit of 1763?
3
What is the units digit of 1446?
6
What is the units digit of 6069?
9
What is the units digit of 1146?
6
What is the ten thousands digit of 44651?
4
What is the hundreds digit of 8306?
3
What is the units digit of 2402?
2
What is the hundreds digit of 1596?
5
What is the units digit of 562?
2
What is the units digit of 1007?
7
What is the units digit of 81705?
5
What is the tens digit of 49143?
4
What is the units digit of 42558?
8
What is the units digit of 786?
6
What is the units digit of 902?
2
What is the hundreds digit of 38453?
4
What is the units digit of 9290?
0
What is the hundreds digit of 567?
5
What is the thousands digit of 1188?
1
What is the hundreds digit of 1739?
7
What is the units digit of 1630?
0
What is the units digit of 1160?
0
What is the hundreds digit of 652?
6
What is the thousands digit of 66737?
6
What is the units digit of 22013?
3
What is the tens digit of 6919?
1
What is the hundreds digit of 605?
6
What is the tens digit of 16213?
1
What is the tens digit of 12065?
6
What is the units digit of 2517?
7
What is the units digit of 9710?
0
What is the ten thousands digit of 139061?
3
What is the tens digit of 4033?
3
What is the thousands digit of 3528?
3
What is the hundreds digit of 10236?
2
What is the units digit of 163874?
4
What is the hundreds digit of 10028?
0
What is the ten thousands digit of 20728?
2
What is the tens digit of 1660?
6
What is the tens digit of 3499?
9
What is the thousands digit of 7075?
7
What is the units digit of 6579?
9
What is the hundreds digit of 2693?
6
What is the units digit of 29440?
0
What is the thousands digit of 4065?
4
What is the units digit of 4786?
6
What is the hundreds digit of 1908?
9
What is the tens digit of 76013?
1
What is the tens digit of 1604?
0
What is the tens digit of 2042?
4
What is the units digit of 14?
4
What is the thousands digit of 23602?
3
What is the hundreds digit of 3782?
7
What is the hundreds digit of 12300?
3
What is the tens digit of 2106?
0
What is the units digit of 13235?
5
What is the hundreds digit of 3781?
7
What is the thousands digit of 4211?
4
What is the hundreds digit of 4972?
9
What is the hundreds digit of 20427?
4
What is the hundreds digit of 59526?
5
What is the hundreds digit of 325?
3
What is the tens digit of 7349?
4
What is the thousands digit of 183142?
3
What is the thousands digit of 30765?
0
What is the units digit of 50088?
8
What is the ten thousands digit of 52094?
5
What is the thousands digit of 16940?
6
What is the units digit of 20096?
6
What is the units digit of 3787?
7
What is the hundreds digit of 21746?
7
What is the thousands digit of 32734?
2
What is the units digit of 8115?
5
What is the hundreds digit of 1290?
2
What is the thousands digit of 9996?
9
What is the units digit of 1480?
0
What is the tens digit of 2106?
0
What is the thousands digit of 98204?
8
What is the units digit of 5696?
6
What is the thousands digit of 2099?
2
What is the tens digit of 47?
4
What is the hundreds digit of 1903?
9
What is the hundreds digit of 44122?
1
What is the thousands digit of 49426?
9
What is the hundreds digit of 38330?
3
What is the units digit of 40950?
0
What is the hundreds digit of 1435?
4
What is the units digit of 44989?
9
What is the tens digit of 589?
8
What is the thousands digit of 2942?
2
What is the thousands digit of 6264?
6
What is the hundreds digit of 5424?
4
What is the hundreds digit of 7322?
3
What is the tens digit of 1617?
1
What is the tens digit of 17563?
6
What is the units digit of 3285?
5
What is the units digit of 6809?
9
What is the tens digit of 4036?
3
What is the units digit of 18883?
3
What is the tens digit of 8434?
3
What is the thousands digit of 74174?
4
What is the tens digit of 5483?
8
What is the units digit of 57958?
8
What is the units digit of 1804?
4
What is the hundreds digit of 106215?
2
What is the hundreds digit of 8215?
2
What is the hundreds digit of 966?
9
What is the units digit of 9520?
0
What is the hundreds digit of 1258?
2
What is the hundreds digit of 3498?
4
What is the thousands digit of